e -5*q - 6 = -31. Suppose -q*s + 38 + 2 = 0. Calculate the highest common divisor of s and 72.
8
Let c be (-2)/(-3) + 50/6. Let n be 2/5 - 340/(-25). Let k = 77 - n. What is the highest common factor of k and c?
9
Suppose -306 = -7*p + 51. What is the highest common divisor of 34 and p?
17
Let q = -21 + 37. What is the greatest common factor of q and 2?
2
Let g be ((-8)/6 + 0)*(-18)/4. Suppose 0*u = -2*u + 8. What is the greatest common divisor of g and u?
2
Let v be -4 - 11/((-44)/48). Let h be (-2)/4 - (-34)/4. Calculate the highest common divisor of v and h.
8
Let j = 82 - 56. Let p(n) be the first derivative of -11*n**2/2 + 2*n - 3. Let b be p(-1). Calculate the greatest common factor of j and b.
13
Let y = -5 + 7. Suppose -y*x = -x - 55. What is the highest common divisor of x and 11?
11
Let u = 67 - 65. What is the greatest common factor of u and 26?
2
Let a = 21 - 9. Suppose -5*r = -4*r - a. Calculate the greatest common factor of 84 and r.
12
Suppose 3*z - 471 = -z + 5*p, 0 = -5*z + 5*p + 585. Let a = 164 - z. Calculate the highest common factor of a and 10.
10
Suppose -15*d - 3 = -16*d. What is the highest common factor of 7 and d?
1
Suppose 9 = -3*x + 12*x. Calculate the highest common factor of 2 and x.
1
Let w be 2 + -2 + (-2 - -24). Let h = 69 - 36. What is the greatest common factor of w and h?
11
Suppose -3*h = 5 - 17. Suppose -h*s = -2*c - s + 184, 4*s - 212 = -2*c. What is the highest common factor of 14 and c?
14
Suppose 0 = 3*m - 6*m + 135. Calculate the highest common divisor of 9 and m.
9
Suppose -y - 2*w = y - 12, 2*y - w + 3 = 0. Calculate the greatest common factor of y and 2.
1
Let y = 34 - 2. What is the greatest common divisor of y and 64?
32
Suppose m - 30 = -2*z, 5*m + 2*z - 56 = 3*m. Calculate the highest common divisor of m and 234.
26
Let x = 181 + -179. Calculate the highest common factor of x and 1.
1
Let k = 19 + -26. Let m(t) = 3*t + 3. Let x(j) = -1. Let r(w) = -m(w) + 2*x(w). Let l be r(k). What is the highest common divisor of 80 and l?
16
Suppose 5 = -h + 28. Suppose -3*y + 9 = 2*j - 26, 2*j - y = h. Suppose 4*o = 62 - 10. Calculate the highest common factor of o and j.
13
Suppose 228 = 2*q - 0*q - 4*a, 4*a = -3*q + 312. Calculate the greatest common factor of 12 and q.
12
Suppose l = -3*m + 27, -5*l + 0*m = 3*m - 123. What is the greatest common factor of l and 24?
24
Suppose -29 - 40 = -3*r + o, -18 = -r + 2*o. What is the highest common factor of r and 16?
8
Let s(f) = -4*f - 11. Let m be s(10). Let b = 75 + m. What is the greatest common divisor of 36 and b?
12
Let x be (-3)/(-9 - 6) + 4/5. What is the greatest common divisor of 2 and x?
1
Let g(l) = -l + 5. Let o be g(4). Suppose 1 = n - o. What is the highest common factor of 3 and n?
1
Suppose 0 = 3*w - 4*p - 47, 2*w + 32 = 4*w - 2*p. What is the highest common divisor of w and 136?
17
Let g = 16 - -28. Calculate the greatest common divisor of 11 and g.
11
Let h = 25 - 17. Suppose 0 = -4*z - x + 164, 4*z = 2*z + 2*x + 72. Suppose -n - n = -z. Calculate the greatest common divisor of h and n.
4
Let h = -64 - -83. Calculate the greatest common factor of h and 38.
19
Let l(w) = w**3 + 9*w**2 + 12*w - 4. Let c be l(-3). What is the highest common divisor of 266 and c?
14
Suppose 240 + 301 = -5*h + i, -129 = h + 5*i. Let w = h - -179. Let z = -20 - -34. Calculate the greatest common factor of w and z.
14
Let z be 2 + -2 + (-1 - -26). Suppose 0 = -c + 2*d + 6, -1 = 3*c - 2*d - 15. Suppose -b = c*b - 50. Calculate the highest common divisor of z and b.
5
Let x = 1 - -2. Suppose -x*m + q + q + 114 = 0, 2*m + 5*q - 95 = 0. What is the highest common divisor of 8 and m?
8
Let f(z) = -4*z**2 - z. Let i(m) = 3*m**2. Let a(h) = -4*f(h) - 5*i(h). Let k be a(-6). Calculate the greatest common factor of 12 and k.
12
Suppose 2*c = 116 - 68. What is the highest common factor of c and 16?
8
Let z = -5 - -10. Let b(a) = 43*a**2 - 2*a + 1. Let r be b(1). Suppose 0 = h - 3*y - r, -174 = -z*h + 4*y - y. What is the highest common divisor of h and 3?
3
Let x(f) = -6 + 1 + 0*f + f + 2. Let i be x(12). What is the highest common factor of 99 and i?
9
Let d = -118 - -238. What is the greatest common divisor of d and 15?
15
Let f be (-24)/(-15) + 4/10. Suppose 5*o = -c + 318, f*c + 68 = o - 0*c. Let d = 15 - -1. Calculate the greatest common factor of o and d.
16
Let t = 2 + 3. Suppose -3*n + 395 = t*w, -n - 4*w + 394 = 2*n. Calculate the greatest common divisor of 52 and n.
26
Let h = 77 + -73. What is the greatest common divisor of h and 4?
4
Suppose 24 = 2*k + 8. Let d(w) = w**2 - 6*w - 5. Let l be d(k). Let g = -8 + l. What is the highest common divisor of g and 3?
3
Suppose -1 + 31 = 2*q. Suppose -5*i - q = 5*p, 2*p + 2*i + i + 10 = 0. Calculate the highest common divisor of 1 and p.
1
Suppose 0 = 2*z + 2*z - 24. Let l be (z/(-3))/(-2) - -27. What is the highest common factor of 308 and l?
28
Suppose -t = -3*z + 5*z - 97, 0 = -4*t + 2*z + 378. Calculate the highest common divisor of t and 19.
19
Let k = -66 - -129. What is the highest common factor of 9 and k?
9
Let w be -1 - (2 + -7 + 1). Suppose 4*i - 1 - w = 0. Let z be (3/(-6))/(i/(-24)). Calculate the highest common factor of z and 12.
12
Suppose 3*h + 83 = 2*y - 109, -y + 5*h = -89. Suppose -7*l + y = -4*l. Calculate the greatest common divisor of l and 3.
3
Let n = 33 + 27. Let r be (1 - (1 - 2))/1. Suppose 0 = r*p - 5*o - 185, p = -0*p - 4*o + n. What is the greatest common divisor of p and 32?
16
Suppose 18 - 3 = 3*k. Let b(w) = w**2 - 4*w + 4. Let f be b(k). Let x = 143 + -80. Calculate the greatest common divisor of x and f.
9
Let p = 8 - 6. Suppose 0 = 4*z + 3 - 15. Suppose -2*k + 27 = z*k - m, -p*k - 5*m = -27. Calculate the highest common factor of 9 and k.
3
Suppose -4*v = -46 - 74. Suppose -b + v = 2*m, 5*m + 12 = -3*b + 88. What is the highest common factor of m and 14?
14
Let m(j) = 2*j**2 + 11*j + 9. Let t be m(-7). What is the greatest common factor of t and 6?
6
Let o(y) = y + 4. Let u be o(-3). Suppose 4*a - 2*a + 4*v = 20, -5*a - 5*v = -30. Let x = 3 - a. What is the highest common factor of x and u?
1
Suppose r = 2*k - 45, -2*r + 4 + 74 = 3*k. Let a = 154 + -58. What is the highest common factor of k and a?
24
Suppose 4*f = -z - 98, 2*z + 2*f + 185 + 5 = 0. Let m = 143 + z. Suppose -5*r + 31 = -4. What is the highest common divisor of r and m?
7
Suppose 0 = 3*p - 7*p + 16. Suppose p = i, 2*f + 2*i + 38 - 102 = 0. Calculate the highest common factor of f and 70.
14
Let r = -2 - -11. Let g = 4 - -2. Calculate the highest common factor of r and g.
3
Let r(u) = 4*u**3 + 2*u**2 + 2*u - 4. Let f = 0 - -3. Let n be r(f). Let i be ((-6)/12)/(1/(-32)). Calculate the highest common factor of n and i.
16
Suppose 0 = 4*s - 33 - 91. What is the highest common factor of s and 31?
31
Let y = 103 + -18. Suppose -3*t + v + 47 = 0, t + 3 = 3*v + 8. Calculate the highest common divisor of t and y.
17
Let i(w) = w**2 - w - 18. Let s be i(-7). Let k = 196 + -101. Calculate the greatest common divisor of s and k.
19
Let o be (0 - -1 - 1) + -215. Let q = 319 + o. Calculate the highest common divisor of 13 and q.
13
Let n be -25*(2/5)/(10/(-40)). Calculate the highest common divisor of 5 and n.
5
Suppose 2*r = d + 4*d + 78, -3*r = -12. Let b = d + 6. Let v(t) = t**3 + 8*t**2 - 2*t - 7. Let z be v(b). What is the highest common factor of z and 81?
9
Let c be 3*(590/120 + 2/(-8)). What is the highest common divisor of 28 and c?
14
Let c = 413 + -198. What is the highest common divisor of c and 43?
43
Let j(c) = -c - 7. Let o be j(-3). Let w = 7 + o. Calculate the greatest common factor of w and 27.
3
Suppose -4*c + c = 4*u - 5, c + 2*u + 1 = 0. What is the greatest common factor of 1 and c?
1
Suppose -2*g + 4*y + 238 = 0, -3*g - g = -5*y - 470. What is the greatest common factor of 23 and g?
23
Let r(d) = d**3 - 12*d**2 - d + 13. Let h be r(12). Calculate the highest common factor of 5 and h.
1
Let c be 57/(-12) - (-1)/(-4). Let g be (6/c)/(6/(-40)). What is the greatest common divisor of g and 12?
4
Let n be (-2)/9 - 48/27. Let j be 28/(-6)*(n - 1). Calculate the greatest common factor of 7 and j.
7
Let k be 6/(-9) - (-19)/(-3). Let c be -2 - 1*k/1. What is the greatest common factor of 2 and c?
1
Let d(h) = 11*h - 